 - 2/(-4). Suppose 2*n - y*n + 4 = 0. What are the prime factors of 16/(-6)*(-21)/n?
2, 7
List the prime factors of (-2)/4 - (-1261)/26.
2, 3
Suppose -26*x = -25*x - 318. What are the prime factors of x?
2, 3, 53
Let b be (-16)/3*-1*6. Let x be b/5 - 2/5. Suppose 0*v - 5*v - 5 = 0, k = v + x. List the prime factors of k.
5
Let x be -2*(-3 + (-1)/1). Let p(c) = 2*c + 6. Let v be p(-7). List the prime factors of (-12)/x*v/2.
2, 3
Let w(z) = -z + 3. Let l be w(2). What are the prime factors of -1*-5*5 + l?
2, 13
Suppose 3*p - 4*p = 8. Let c = 33 + p. List the prime factors of c.
5
Suppose 0 = i + 74 - 22. List the prime factors of (-1*1)/(4/i).
13
Let q(z) = 2*z**2 + z - 2. Let l be q(-2). Suppose 0 = -o - 0*b - 2*b + 24, l*o - 76 = -3*b. Suppose -5 - o = -p. List the prime factors of p.
3, 7
List the prime factors of (2 - 5)/(10/(-230)).
3, 23
What are the prime factors of -2 + -2 + 254 + 3?
11, 23
Suppose 2*u - 30 = u - 5*p, 0 = -5*u - 2*p + 35. Let z(r) = -4*r + 15*r**2 + 1 - 15*r**2 + u*r - 4*r**3. List the prime factors of z(-1).
2
Suppose 0*l - 9 = -l. Let a = 6 + l. What are the prime factors of a?
3, 5
Suppose -s = 3*s - 168. List the prime factors of s.
2, 3, 7
Suppose 254 = 2*t - 146. Suppose -u + 40 = -w + 3*w, -t = -5*u + 3*w. What are the prime factors of u?
2, 5
Suppose y - 3*y = 6. What are the prime factors of (-2 - 13/y)*3?
7
Let g = -11 - -8. Let r(d) = -d**2 - 5*d - 2. What are the prime factors of r(g)?
2
Let b be (-8)/3*(-15)/10. Let z = b + -3. Suppose 2*o - 5 = -z. What are the prime factors of o?
2
Suppose 0 = -2*p + 3*p + 4*o - 32, 4*p - 198 = -2*o. List the prime factors of p.
2, 13
Let j(b) = -b**2 - 3*b - 5. Let m be j(-4). Let p = -6 - m. Suppose -p*x = -2*x - 4. List the prime factors of x.
2
Let p(k) = 2 - 3 - 2*k + k - k. List the prime factors of p(-6).
11
Suppose 0 = 3*u - 2*m - 301, -2*u - 296 = -5*u + m. List the prime factors of u.
97
Let l = 44 - 69. Let j = -9 - l. What are the prime factors of j?
2
Let o = 11 - 1. Let n = 22 - o. List the prime factors of n.
2, 3
Suppose 7*h - 69 = 4*h. What are the prime factors of h?
23
Let h(r) = -r - 3. Let a(o) = -o**2 + 2*o - 2. Let n be a(3). Let d be h(n). Suppose -u = -d*u + 8. What are the prime factors of u?
2
Let g be 1 - (-6)/(-2) - 5. Suppose -3*z - d = -49, 4*z - 5*d - 9 = 50. Let j = g + z. What are the prime factors of j?
3
Suppose 5*k + 6*l - l - 120 = 0, -5*l = 4*k - 91. Suppose -5*d + 85 = -2*y, 2*d + 0*y = 2*y + 40. Suppose -k = -2*i + d. What are the prime factors of i?
2, 11
Let k(t) = t**2 + t - 2. What are the prime factors of k(8)?
2, 5, 7
Let m = 279 - 118. What are the prime factors of m?
7, 23
Let o(c) be the second derivative of -c**5/20 - 5*c**4/6 - c**3/6 - c**2/2 + 2*c. List the prime factors of o(-10).
3
Let s(a) = -a**3 + 9*a**2 - 8*a - 4. What are the prime factors of s(7)?
2, 19
Let a(o) = 2*o + o**3 - 2*o + 3 + 0*o**3 - 3*o. List the prime factors of a(3).
3, 7
Let v be (5 + 0)*(-6)/5. Let x = -2 - v. Suppose 0 = -5*w + z + 41, 2*w + x*z - 28 = -2*w. List the prime factors of w.
2
Suppose 0 = -4*h - 4*h + 584. List the prime factors of h.
73
Suppose 12 = 4*k, 0 = -4*f + 3*k + 148 + 31. What are the prime factors of f?
47
Let x(o) = 3*o - 2. Let q be x(8). Let g = 27 - q. List the prime factors of g.
5
Suppose x - 4*b - 11 = 18, -4*b + 55 = 3*x. What are the prime factors of x?
3, 7
Suppose 3*u - 4*u - 4*q = -16, 52 = 2*u + 3*q. What are the prime factors of u?
2
Let d = -2 + 36. List the prime factors of d.
2, 17
Let a = 235 - 138. List the prime factors of a.
97
Let g(l) = -2*l**3 - 3*l**2 + 4*l + 2. Let c be g(-3). Let i = 19 - c. List the prime factors of i.
2
Let x = 577 - 184. What are the prime factors of x?
3, 131
Let c(j) = -j**3 + 5*j**2 + j - 5. Let l be c(5). Suppose -4*x - 8 - 16 = l. Let u(w) = -2*w + 2. What are the prime factors of u(x)?
2, 7
Suppose 5*d + 57 = 2*m, -3*d + 34 = -5*m + 148. Let w = -5 - -42. Let r = w - m. What are the prime factors of r?
2
Suppose 2*g + 3*l + 72 = 4*l, -64 = 2*g - 3*l. Let x = g - -66. What are the prime factors of x?
2, 7
Suppose 0 = z + 4*z. What are the prime factors of (z - 33/6)*-4?
2, 11
Let p = -101 - -190. List the prime factors of p.
89
Let x = -47 - 3. Let m be (2/(-4))/(5/x). Suppose -4*y + 4*j + 7 + m = 0, y + 17 = 5*j. List the prime factors of y.
2
Let v = 10 - 6. What are the prime factors of 48/(-9)*(-6)/v?
2
Suppose -3*w - 45 = 4*x + 19, -x - w - 17 = 0. Let b = 39 + x. Suppose 4*h - 5*y = -13, -h + b = h + 4*y. What are the prime factors of h?
3
Let o(f) = f**3 - 7*f**2 + 14*f + 2. List the prime factors of o(6).
2, 5
Let x(r) be the first derivative of -r**2 + 5*r - 4. What are the prime factors of x(-3)?
11
Let v(x) = x**2 - 2*x + 5. What are the prime factors of v(-3)?
2, 5
Suppose 25*d = 21*d + 376. List the prime factors of d.
2, 47
Let r(d) = -d - 3. Let h = -21 + 15. Let v be r(h). Suppose 0 = -5*p - f + 17, -4*f = -5*p + 10 - v. List the prime factors of p.
3
Let g(w) = -w**3 + 4*w**2 + 5*w - 6. Let t be g(5). Suppose -2*n + 106 = -4*j, -85 = 3*j + 2*n + 2*n. List the prime factors of j/t + (-2)/4.
2
List the prime factors of (-4)/14 - 516/(-42).
2, 3
Suppose 0 = 4*v + 3*w - 0*w - 17, v - 1 = -4*w. Let o(f) = -1 - 5 + 4*f - 2*f. What are the prime factors of o(v)?
2
Let w = 0 + -2. Let z be (-150)/35 - w/7. List the prime factors of (3/z)/((-1)/4).
3
Let y(g) = g**2 + 2*g - 5. Let r be y(-4). Suppose -r*t + 4*t + 2*d - 24 = 0, 5*d = 2*t - 39. List the prime factors of t.
2, 11
Let l = -151 + 269. What are the prime factors of l?
2, 59
Let z be 1/3 + 3/(-9). Let k = -6 - -11. Suppose -k*y = -5*c - y + 27, -4*c - 5*y + 38 = z. List the prime factors of c.
7
Suppose 6*p = p. Let v(t) be the third derivative of t**5/60 - t**4/24 + 2*t**3/3 - 2*t**2. What are the prime factors of v(p)?
2
Let n = 77 - 39. What are the prime factors of n?
2, 19
Let d = 15 + 0. Suppose -5*k + 17 = w, 3*w + 0*w - 3*k - d = 0. What are the prime factors of w?
7
Let q(t) = 2*t + 6. Let b be q(4). Let a = b + -5. What are the prime factors of a?
3
Let m(d) = -d - 2. Let u(q) = 2*q + 3. Let c(o) = -7*m(o) - 5*u(o). Let v(k) = -k**2 + 4*k + 4. Let p be v(5). What are the prime factors of c(p)?
2
Let l(h) = h**3 - 6*h**2 + 5*h + 2. Let f be l(5). Suppose -f*n = -0*n - 20. Suppose 3*b = -2*b + n. What are the prime factors of b?
2
Let q = 21 + -20. List the prime factors of (5/5)/(q/27).
3
Let h be (6/5)/((-6)/(-300)). Suppose -h = -5*l + 45. List the prime factors of l.
3, 7
Let i = 10 - 0. List the prime factors of i.
2, 5
Let l(h) = h. Let b(r) = r + 1. Let j be b(6). What are the prime factors of l(j)?
7
Suppose 3*s - 74 + 26 = 0. List the prime factors of s.
2
Suppose 3*d - 9 = -4*k, 8*k - 6 = -2*d + 3*k. What are the prime factors of d?
3
Let g(h) = -h**2 - 8*h - 7. What are the prime factors of g(-6)?
5
Let w(k) = 14*k**2 + k. Suppose 2 = 3*o - 1, 0 = -2*b + 3*o - 7. Let p be (6 - (-9)/(-3)) + b. List the prime factors of w(p).
3, 5
Let n(a) = -a**2 + a. Suppose -3 = -4*r + r. Let b(m) = 3*m**2 + 4*m - 8. Let j(t) = r*b(t) + 4*n(t). What are the prime factors of j(6)?
2
Let r(t) = -2*t**3 - 5*t**2 - t + 5. Let q be r(-4). Suppose -5*f + q = 4*h, -2*f - 3*h + 4*h + 15 = 0. List the prime factors of f.
3
Suppose 3*k + 6 = 81. List the prime factors of k.
5
List the prime factors of (-122 + 4)*3/(-3).
2, 59
Let i(c) = -2*c + 7. Let d be i(11). Let q(z) = -z + 17. List the prime factors of q(d).
2
Let b(p) = -2*p**2 - 17*p - 21. Let q(x) = -3*x**2 - 25*x - 32. Let z(j) = 8*b(j) - 5*q(j). What are the prime factors of z(-8)?
2
Let c = -88 + 149. List the prime factors of c.
61
Let t = 23 - 20. Suppose 3*v = -5*d + 24, v + d = 3*v - t. List the prime factors of v.
3
Let i = -94 + 223. What are the prime factors of i?
3, 43
Let l(f) = f + 9. Let i be l(-7). Suppose 3*h + i*t - 29 = 0, -3 = 2*h + 2*t - 19. What are the prime factors of h?
13
Suppose 0 = n + 2*n - 93. What are the prime factors of n?
31
Suppose -5*p - 2*c = c - 53, -2*c + 2 = 0. List the prime factors of p.
2, 5
What are the prime factors of (-2)/8 + 894/24?
37
Let i = 18 - -18. What are the prime factors of i?
2, 3
Let x = 3 - 1. Suppose -3*b = x*d - 4*d + 11, 19 = 5*d + b. List the prime factors of d.
2
Let u = -58 + 178. S